ainder when k is divided by 7?
6
Suppose l + 7 = -3*d, 5*d + 14 - 3 = -2*l. Suppose -2*f = -4*s + 48, -l = -s - 5*f - 12. Calculate the remainder when 47 is divided by s.
7
Suppose 4*s - 779 = -3*f, -4*s + 5*f + 803 = -0*s. What is the remainder when s is divided by 11?
10
Let a = 16 + -5. Suppose a*y = 26 + 51. Suppose -v = -b - 6*v + 24, 2*b - 4 = v. What is the remainder when y is divided by b?
3
Let m = 947 + -928. Calculate the remainder when 549 is divided by m.
17
Suppose -3*y + 135 = 2*y. Let n = -1231 - -1333. Calculate the remainder when n is divided by y.
21
Suppose 3*s + 355 = 5*z, z - 108 + 14 = -4*s. Let y = -141 - -166. What is the remainder when z is divided by y?
24
Suppose -3*i + 38 = -5*i. Let b = i - -26. Calculate the remainder when 16 is divided by b.
2
Suppose -3*m + 11 = 2*s - 2*m, m = 4*s - 19. Calculate the remainder when s is divided by (12/(-9))/(12/(-36)).
1
Suppose 5*p - 3*a = 234 - 0, 2*p - 99 = 3*a. What is the remainder when p is divided by 20?
5
Let m = -3 + 7. Suppose 0 = -3*a + 3*q, 0*a - m*a + 3*q = -5. Suppose 32 = a*w - w. What is the remainder when 29 is divided by w?
5
Let i = 336 + -311. Let g(z) = 3*z**2 + z - 5. Calculate the remainder when g(-6) is divided by i.
22
Let k(i) = 5*i**2 - i + 77. What is the remainder when k(0) is divided by 32?
13
Let x be (-2 - -3)*(-3 + 12). Suppose -2*h - x = -3*h. Suppose h*r - 4*r = 100. What is the remainder when r is divided by 7?
6
What is the remainder when 541 is divided by 2 + (-25)/15 + (-2796)/(-36)?
73
Let k = -290 - -315. Calculate the remainder when 246 is divided by k.
21
Suppose 15 = 13*q - 8*q. Suppose 4*s + 5*t = 103, 3*t - 75 = -q*s - 0*t. Calculate the remainder when 64 is divided by s.
20
Let w(r) = -r**3 - 2*r**2 + 4*r + 3. Let a be w(-3). Suppose a*c = -d - 5*c + 86, 2*d - 3*c - 211 = 0. What is the remainder when d is divided by 26?
23
Suppose 24*x - 11*x - 715 = 0. Suppose 0 = -c + 3*m + 17, -m = -c + 6 + 9. Calculate the remainder when x is divided by c.
13
Suppose 2*r + 0*r = 5*n, -28 = -2*r - 2*n. Suppose -32*t = -28*t - 152. Calculate the remainder when t is divided by r.
8
Let g(b) = -3*b - 17. Calculate the remainder when (-12)/(-8)*20/3 is divided by g(-7).
2
Suppose 0 = -2*x - x + 27. Let s(g) = 2*g**2 - 16*g + 19. Calculate the remainder when 72 is divided by s(x).
35
Let g(s) = -s**3 - s**2. Let r be g(-2). Let w(p) = p + 2. What is the remainder when 15 is divided by w(r)?
3
Suppose k = -4*k - 2*j + 7, -2*k - 4*j + 6 = 0. Suppose -5*v - 8 = -6*v. Let z = v - 6. What is the remainder when z is divided by k?
0
Let i(d) = d**3 + 10*d**2 - 4*d - 8. What is the remainder when 120 is divided by i(-10)?
24
Let w = -27 - -29. Suppose 2*u - v - 38 = 0, 7*u + 2*v = w*u + 86. Calculate the remainder when 45 is divided by u.
9
Let r(p) = -25*p + 97. What is the remainder when r(3) is divided by 12?
10
Let k be (-600)/(-36)*9*2. Suppose 4*a - 2*f = k, 0*f + 4*f = a - 82. Suppose -6 - a = -5*p. What is the remainder when 31 is divided by p?
15
Let s(b) = 2*b + 21. Let v be (-3)/(-4) + (-12)/16. Suppose -3*i + 116 = -1. Calculate the remainder when i is divided by s(v).
18
Let f(q) = -q + 7. Suppose 13*b = 9*b - 28. What is the remainder when 96 is divided by f(b)?
12
Suppose 8 = -2*y - 2*w, 3*y - 5*y + 4*w = -16. Suppose t + 3*t + 3*z = -14, -t - 4*z - 10 = y. What is the remainder when 70 is divided by (t*2)/(4/(-24))?
22
Suppose -2 = -5*k + r, -2*k - 16 = -3*k - 5*r. What is the remainder when (6/9)/(k + (-44)/48) is divided by 2?
0
What is the remainder when 128 is divided by (3 + 5/(-2))*26?
11
Let g(j) = 84*j + 1024. What is the remainder when g(-9) is divided by 15?
13
Let k(x) = x - 15. Let u be k(18). Let b = 18 - 11. What is the remainder when -2*13*u/(-6) is divided by b?
6
Let g(j) = 17 - j - 3*j + 12 + 3*j. Let x = -2 + 2. What is the remainder when g(x) is divided by 8?
5
Let d(b) = 12*b - 95. Calculate the remainder when d(9) is divided by (-55)/(-15) + 6 - 2/3.
4
Let k = 77 + -55. Let s = k - -49. Suppose -s = -b - 12. Calculate the remainder when b is divided by 15.
14
What is the remainder when 1423 is divided by 9/(-6)*(-13)/((-91)/(-266))?
55
Suppose i - 3*y = 2*y + 14, 26 = 4*i - 5*y. Suppose -a - 4*d + 8 = -0*a, d = i*a - 15. What is the remainder when 294/a*(-6)/(-9) is divided by 13?
10
Suppose 0 = -4*i - 4*b + 88, 3*i + 0*b - 4*b = 94. What is the remainder when i is divided by 8?
2
Let o = -1808 + 1877. What is the remainder when 221 is divided by o?
14
Suppose -13*w + 1399 = -135. Calculate the remainder when w is divided by 24.
22
Let i(u) = -17*u - 347. What is the remainder when 47 is divided by i(-21)?
7
Suppose -51*s + 17604 = 57*s. Calculate the remainder when s is divided by 73.
17
Let g(i) = 8*i**2 - 2*i - 16*i + 15 - 6*i - 6*i**2. What is the remainder when g(14) is divided by 37?
34
Let i = -13 - -15. Suppose i*s + j = 6*s - 141, 3*j = -3*s + 117. Calculate the remainder when s is divided by 15 - (2 + -3 + 3).
10
Let x = 10 + 132. Calculate the remainder when x is divided by (4/(-12))/(1/(-33)).
10
Let z be (-1 + 2)/((-4)/68). Let l = z - -23. Suppose 0*s = l*s - 108. What is the remainder when 52 is divided by s?
16
Suppose 4*q - 225 = 5*h, 2*q + 3*q - 230 = -4*h. What is the remainder when q*1 + -12 + 10 is divided by 12?
0
Suppose 1969 = -13*v + 24*v. Calculate the remainder when v is divided by 12.
11
Let t = 91 + -71. Let y(g) = 0*g**2 - 4*g**2 - g**3 + 0*g**3 - 1 - g + 0. Calculate the remainder when y(-6) is divided by t.
17
Let t(i) = -116*i - 297. Calculate the remainder when t(-7) is divided by 106.
91
Let q = -157 - -286. Calculate the remainder when q is divided by -66*(-2 - 8/(-6)).
41
Suppose o = 4*q, -2*o - 21 = -4*o + q. Calculate the remainder when 8 is divided by (-2 + 0)/((-8)/o).
2
Let w be -57*4/48*4. Let q = -19 - w. Suppose q = y - 2, -37 + 5 = -u - y. Calculate the remainder when 88 is divided by u.
28
Suppose 0 = -5*n + 2*n - 27. Let m = 24 + n. What is the remainder when m is divided by 3?
0
Suppose 3*i = 2*f + 108, 0 = 2*i - 4*f - 15 - 65. Let j be (-2)/(-1) + -2*1. Suppose 5*l + i - 124 = j. Calculate the remainder when l is divided by 11.
7
Suppose 59*i - 1074 = 56*i. Calculate the remainder when i is divided by 12.
10
Calculate the remainder when 89 is divided by -3 + (8 - 12 - -20).
11
Suppose -k = 5*c - 22, -c + 5*k - 2*k + 14 = 0. What is the remainder when (-3 - -1) + (c - -76) is divided by (-18 - -6)*((-10)/6)/1?
19
Suppose 4*d = 2*d + 28. Calculate the remainder when (-5)/35 + 688/d is divided by 13.
10
Let k(s) = -50*s - 140. Calculate the remainder when k(-6) is divided by 41.
37
Suppose -6*s = -928 + 106. What is the remainder when s is divided by 20?
17
Suppose -2*t - 2*t = -36. Let k = t - -2. What is the remainder when 6/33 + (-1 - (-1708)/44) is divided by k?
5
Let n be (0 - 0)*2/(-4). Suppose 4*g = -n*g + 20. Suppose 2*c - 1 - 27 = 0. What is the remainder when c is divided by g?
4
Let m be 5/(35/10 - 1). Suppose 10 = w + 4*c, -3*w - m*w = 3*c - 16. What is the remainder when 29 is divided by (-20)/1*(-1)/w?
9
Let c be (-3 + -1)*(-12)/24. Suppose 3*g = -c*i + 12 + 2, 0 = 2*i - 8. Calculate the remainder when (-2 + 7)/(g/10) is divided by 14.
11
Suppose -4*x + 34 + 86 = -u, 4*x - 5*u - 136 = 0. Calculate the remainder when 101 is divided by x.
14
Let s = 370 - 365. What is the remainder when 30 is divided by s?
0
What is the remainder when (-469)/(-7) + 1 + 1 is divided by 5/((-10)/(-32)) + 1 + 1?
15
Let r = 28 + 0. Calculate the remainder when r is divided by 12/48 + 86/8.
6
Suppose 2*d - 8 = 2*t, 5*t = -d + t - 1. Suppose 0 = 8*q - d*q - 50. Let f(j) = -j**3 + 12*j**2 - 19*j + 7. Calculate the remainder when 48 is divided by f(q).
14
Let h(s) = s**2 - 5*s + 10. Let v be h(4). Let x be v/4*14/(-21). Calculate the remainder when (7 - 6)*(-3)/x is divided by 2.
1
Let k(d) = 6*d**2 + 2*d + 2. Let q = 4456 - 4415. Calculate the remainder when q is divided by k(-2).
19
Let y = 14 - 11. Suppose 4*g + y - 17 = 2*o, 16 = -o + 5*g. Let u(v) = -7*v**3 + 2*v**2 + 2*v + 1. What is the remainder when u(o) is divided by 2?
0
Let t = 505 - 487. What is the remainder when 195 is divided by t?
15
Let g = -680 - -700. What is the remainder when 157 is divided by g?
17
Let n(f) =